 - 15*l**2 - 12 - l**3 - l**2. Let z = 998 + -1009. Give d(z).
-10
Let q = 1/2527 + 12633/5054. Let c(w) be the second derivative of -q*w**2 + 15*w + 0 - 1/20*w**5 + 5/6*w**3 + 1/4*w**4. Give c(4).
-1
Let p = -175 - -58. Let y = p - -109. Let d(o) be the second derivative of o**3/6 + 7*o**2/2 + 3*o. Calculate d(y).
-1
Let m(r) = 2*r**2 - 2*r - 2. Let g be m(3). Suppose a + g = -a, 4*a = -4*j. Let b(s) = s + 17. Let w(o) = -o - 41. Let y(c) = 2*b(c) + w(c). What is y(j)?
-2
Suppose 53*j - 54*j = -8. Suppose 2 - j = 3*x. Let r(l) = -8*l + 3. Let v(m) = 14*m - 4. Let z(i) = 5*r(i) + 3*v(i). Determine z(x).
-1
Let d be -6 + ((-1)/3)/((-1)/9). Let h(v) = 1 - 5*v**2 - 1 + 4 + 0*v - 1701*v**3 - v + 1700*v**3. Give h(d).
-11
Let f(a) be the first derivative of 7*a**2 - 245*a + 1082. Determine f(17).
-7
Suppose t - 1 = 4*p, -6*t - 7 = p - 4*t. Let k = -141 + 144. Let a(x) = 5*x + 11*x**k + 0*x - 5*x - x**2. Calculate a(p).
-12
Let z = 2 - 27. Let d = z + 18. Let f(q) = 5*q + 31*q**2 + 3 - 30*q**2 - 2. Determine f(d).
15
Suppose -4*z + t + 166 = 0, 0 = -3*z - 2*t + 141 - 22. Let a = z + -36. Let p(d) be the second derivative of -d**3/6 + 3*d**2/2 + d. What is p(a)?
-2
Let j = -111 + 105. Let c be -1 + (j/(-4) + -4)*-2. Let l(a) = -c + 6 + 1 + 2*a + 3. What is l(-7)?
-8
Let c(x) = 2*x**2 - 6*x - 5. Let u(s) = 3*s + 18 + 8 - s**2 - 23. Let j(r) = 4*c(r) + 7*u(r). Give j(-4).
29
Let v(s) = 18*s - 22. Let y(j) = -16*j + 20. Let x(b) = -10*v(b) - 11*y(b). Determine x(-6).
24
Let o(c) = -4*c - 2 + 9*c**2 + 2*c - 7*c**2. Let f(t) = 2*t**3 - 14*t**2 + 4*t - 1. Let z be f(7). Suppose 12 = 2*v + 4*s, z*s + 5 = 2*v + 24*s. Calculate o(v).
22
Let r(g) = -36*g + 186. Let s be (-5)/(5*(-26)/130). What is r(s)?
6
Suppose -6*g + 20 - 62 = 0. Let f be 7 + (2 - 2)*(-8 - g). Let c(x) = x**2 - 6*x + 2. What is c(f)?
9
Let v(y) = -2*y**2 + y + 6. Let p be -12 + (-6 - (-4 - -1 - 9)). What is v(p)?
-72
Suppose -3*s + 52 = -s. Suppose 32*y - s*y - 30 = 0. Let o(m) be the third derivative of m**6/120 - m**5/15 - 7*m**4/24 + 7*m**3/6 + m**2. Determine o(y).
-3
Let h(p) = p + 8. Let a = 34 + -28. Let r(g) = -1. Let i(b) = a*r(b) + h(b). Give i(6).
8
Let g(a) = a + 4. Let i(b) = 0 + 4 - 23 - 18 - 3. Let f(h) = 10*g(h) + i(h). Give f(3).
30
Suppose -6*a = -4*q - a + 36, -2*a = -2*q + 16. Let b(i) = -3*i**2 + 10*i + 13. Let f be b(q). Let g(s) = -3*s + 11. Give g(f).
-4
Let y(v) = -3*v + 5. Let h(j) = j**3 - 29*j**2 + 2*j - 56. Let t be h(29). Let s be -2 - t/4*-18. Give y(s).
-16
Let d(n) = n**2 + 19*n + 7. Let t(x) = -x**2 - 22*x - 10. Let b(g) = 7*d(g) + 6*t(g). Calculate b(4).
9
Let o(g) = 3*g**3 - 16*g**2 + 42*g + 26. Let i(c) = 10*c**3 - 48*c**2 + 127*c + 80. Let u(j) = 4*i(j) - 13*o(j). Calculate u(-18).
18
Let t(x) = 2*x - 13. Let d be t(9). Let r(q) = 3*q - 6 + 7 - d*q - 6. Give r(5).
-15
Let b(n) = 8*n - 65. Suppose 0 = -2*o - 4*j + 54, -4*j + 81 = -840*o + 845*o. Calculate b(o).
7
Let h(i) = -110*i + 5 - 3*i**2 + i**3 + 53*i + 52*i. Suppose 0 = -15*f - 7*f + 88. Determine h(f).
1
Let z(b) = -17*b - 15. Let q(h) = 42*h + 37. Let k(r) = -2*q(r) - 5*z(r). Let v(y) = -y**2 - 2. Let n be v(0). Determine k(n).
-1
Suppose 6 = -4*m + 34. Let f(g) = -4 + m - 1 + g - 4. Give f(4).
2
Let y(v) be the second derivative of 11/24*v**4 - 7/6*v**3 + 0 + 12*v - 1/120*v**5 + 0*v**2. Let d(n) be the second derivative of y(n). Determine d(9).
2
Let v be (-16)/(-128)*-8*0. Let p(n) be the third derivative of v*n - 1/6*n**3 - 1/24*n**4 - 3*n**2 + 0. Give p(2).
-3
Let s(f) = -3*f**3 - 24*f**2 - 4*f - 32. Let g(y) = -16*y**2 + 39*y + 19. Let w be g(3). Calculate s(w).
0
Let a(s) = s + 2. Suppose 675 = 4*x - 45. Suppose 0 = -4*b - 3*u + x, -5*u + 0*u - 212 = -4*b. Let f = 55 - b. Give a(f).
9
Let z be 13 + -5 - -14 - (-4 + 0). Suppose -2*o + z = -84. Let m(w) = o*w + 63*w - 1 - 117*w. What is m(3)?
2
Let m(z) = -z**2 + 32*z + 33 - 12 - 14 - 9. Determine m(32).
-2
Suppose 100 = 4*h + l, -7*h + 8*l = -2*h - 125. Let a(n) be the first derivative of -7*n - 5/2*n**2 + 1/3*n**3 - h. What is a(7)?
7
Let q(j) be the third derivative of j**5/60 - 5*j**4/6 + 9*j**3/2 - 1166*j**2. Determine q(18).
-9
Let h(t) = 4*t + 177*t**2 - 174*t**2 + 2 - 3 - t**3. Suppose 6*b + 39 = 9*b. Let l(w) = -2*w + 30. Let z be l(b). What is h(z)?
-1
Let b be (-4)/((-4 + 5)/(-2)). Let r be b - ((5 - 6) + 3). Let y(i) = i**3 - 6*i**2 + i - 1. Determine y(r).
5
Let d = 6 - 12. Suppose -3 + 26 = 4*h - i, -37 = -5*h + 4*i. Let g(r) = 5*r**2 - 6*r**2 - h - 3 + 1 - 6*r. Give g(d).
-7
Let n(z) = z**3 + 9*z**2 + 6*z - 10. Let d = 424 - 432. Give n(d).
6
Let m = 402 + -405. Let r(z) = 2*z - 6. Let q be r(5). Let p(g) = 5*g**3 + 2*g - 7*g**2 - 4*g**3 + 12*g**2 - q. Determine p(m).
8
Suppose 3*k + 24 = 3*s, 0 = -3*s + 15*k - 16*k + 4. Suppose 290 - 266 = s*f. Let h(u) = -u + 8. Determine h(f).
0
Let p(g) = 13*g**3 + 134*g**2 + 301*g + 112. Let n(b) = -3*b**3 - 34*b**2 - 75*b - 28. Let v(s) = -9*n(s) - 2*p(s). What is v(-36)?
-8
Let v(r) = -r**2 + 7*r - 11. Suppose 150*q - 164*q + 56 = 0. Give v(q).
1
Let y(n) be the second derivative of 3*n**5/20 + 5*n**4/6 - n**3 - 2*n**2 - 1111*n + 1. What is y(-4)?
-12
Suppose -3*f - 9 = 6*f. Let j be (-12)/f*1/(-12)*4. Let c(g) be the first derivative of g**3/3 + 3*g**2 + 6*g - 2. Calculate c(j).
-2
Let c(b) = -17*b - 239. Let x(f) = -84*f - 1169. Let v(d) = -11*c(d) + 2*x(d). Give v(-15).
6
Let x(f) = 59*f**2 - 11*f + 35. Let k(h) = 18*h**2 - 4*h + 11. Let v(d) = 13*k(d) - 4*x(d). What is v(-4)?
3
Suppose 30 = -0*l + 15*l. Let n(w) = 2 + 7*w - w**l - 8 + 14*w - 16*w. Give n(6).
-12
Let b(q) = 57*q - 17*q - 13*q - 3*q - 11*q - 16. Determine b(3).
23
Let m(u) = -109*u + 2 + 497*u - 110*u - 166*u - 118*u. Calculate m(0).
2
Let j(x) be the second derivative of 2*x**3 - x. Let d(z) = 4101*z + 20507. Let i be d(-5). Give j(i).
24
Let h be (2/(1 - -1))/(3/9). Let n(l) = 977*l**2 + 2*l**h - 1 - 971*l**2 + 5*l - 3*l**3. Give n(6).
29
Let k(u) be the second derivative of -u**5/60 + 3*u**4/8 + 2*u**3/3 - u**2/2 + 89*u. Let a(n) be the first derivative of k(n). Determine a(10).
-6
Suppose -8 = -15*h + 11*h. Let b(l) = 5*l - 1. Let g(x) = 336*x - 70. Let n(k) = h*g(k) - 140*b(k). What is n(-1)?
28
Let l(z) = -3*z**2 + 1 + 18*z - z**3 - 14*z + 2*z**3 + 8*z**2. Let p(u) = -u + 11. Let v be p(6). Suppose 2 = 4*b + v*x - 1, b + 5*x = 12. Give l(b).
7
Let b(o) = -o. Let w(n) = -6*n**3 + n**2 + n + 1. Let h be w(-1). Suppose -2*g - 60 = -h*g. Suppose -2*q + 8*v = 4*v - g, 0 = -2*v - 6. Determine b(q).
0
Let x(t) be the first derivative of 2*t**3/3 + t**2/2 - 5. Suppose 37*b - 364 = -401. Determine x(b).
1
Let w(l) be the third derivative of 0 + 7/24*l**4 + 1/60*l**5 + 28*l**2 + 0*l + 11/6*l**3. Determine w(-8).
19
Suppose -78*j + 32 = 4*i - 82*j, -3*j = -4*i + 40. Let x(n) = n**3 - 15*n**2 - 14*n - 15. Give x(i).
17
Let l = 4493 - 4493. Let s(p) = p**2 - 10. Give s(l).
-10
Let t(n) be the first derivative of 37*n**2 + 79*n + 2773. Give t(-1).
5
Let i be (-9152)/(-1232) + (-3)/7. Let n(m) = -m**3 + 8*m**2 - 2*m - 8. Calculate n(i).
27
Let n(h) = -2*h**3 + 2*h**2 - 1. Let q be 3*2*3*(-21)/(-27). Suppose 3*v - q = -5. Suppose 0 + v = 3*c. Give n(c).
-1
Let c(g) = -4*g**3 + 3*g + 2. Let j(y) = y**3 - 9*y - 1. Let z be j(3). Let w be c(z). Let p(m) = m**3 + m**2 - 4*m - 1. Determine p(w).
23
Let p(k) = -35*k**3 - 42*k + 21*k + 22*k - 1. Suppose -101 = -12*c - 31*c - 58*c. Determine p(c).
-35
Let x(v) = -3 - 7*v**2 + v + 0*v + 2. Suppose 4*c - 91 = 5*j, c + 2*c - 92 = -j. Let p = c + -28. What is x(p)?
-7
Suppose 13*r = 5*r. Suppose r*m + m = f + 3, 3*m - 9 = 0. Let o(j) = j**3 + j**2 - 16. Determine o(f).
-16
Suppose 5*v = 5*u - 5, -6 + 1 = -5*u + 2*v. Let j(p) = p**2 - p. Let c(w) = -20*w - 38*w**2 - 61*w**2 + 124*w**2. Let z(g) = c(g) - 20*j(g). Give z(u).
5
Let q be (-1)/(-2) + 5/2. Suppose -v - q = -11. Let p(n) = 3711 - 7*n + 6*n - 1866 + 2*n - 1856. Calculate p(v).
-3
Suppose 15 = 5*v, 0 = 10*c - 6*c - 3*v + 1. Let y(h) = -44*h + 6*h + 36*h + 8*h**c. What is y(1)?
6
Let z(o) = -4*o**3 + o. Let a(u) = u - 33. Let l be a(36). Let m be ((-1)/l)/((-1)/3)*1. Determine z(m).
-3
Let q(c) = 35*c - 8. Let j(z) be the first derivative of -6*z**2 + 3*z - 16. Let a(g) = 11*j(g) + 4*q(g). Suppose 0*p = 3*p - 3. What is a(p)?
9
